{"id":1167,"date":"2023-10-05T12:22:49","date_gmt":"2023-10-05T12:22:49","guid":{"rendered":"https:\/\/www.opur.cloud\/?page_id=1167"},"modified":"2023-10-19T09:42:38","modified_gmt":"2023-10-19T09:42:38","slug":"porque-opur","status":"publish","type":"page","link":"https:\/\/www.opur.cloud\/index.php\/es\/porque-opur\/","title":{"rendered":"\u00bfPor qu\u00e9 OPUR?"},"content":{"rendered":"\n<div class=\"wp-block-skt-blocks-section gbnature-section-4 skt-blocks-block-section-outer-wrap block-d39e8bf5-4ede-420c-88c5-e48d14835dee background-type-color alignundefined\" style=\"z-index:1;max-width:;margin-left:;margin-right:\"><style type=\"text\/css\"> @media only screen and (max-width: 976px){\n .block-d39e8bf5-4ede-420c-88c5-e48d14835dee .skt-blocks-block-section{\n margin-top: 0px; margin-bottom: 0px; margin-left: 0px; margin-right: 0px; padding-top: 40px; padding-bottom: 40px; padding-left: 10px; padding-right: 10px; }\n}\n @media only screen and (max-width: 767px){\n .block-d39e8bf5-4ede-420c-88c5-e48d14835dee .skt-blocks-block-section{\n margin-top: 0px; margin-bottom: 0px; margin-left: 0px; margin-right: 0px; padding-top: 40px; padding-bottom: 40px; padding-left: 10px; padding-right: 10px; }\n}\n @media only screen and (min-width: 976px){\n .block-d39e8bf5-4ede-420c-88c5-e48d14835dee .skt-blocks-block-section{\n margin-top: 0px; margin-bottom: 0px; margin-left: 0px; margin-right: 0px; padding-top: 80px; padding-bottom: 80px; padding-left: 0px; padding-right: 0px; }\n}\n .block-d39e8bf5-4ede-420c-88c5-e48d14835dee.skt-blocks-block-section-outer-wrap.background-type-image{\n background-image: linear-gradient(rgba(255, 255, 255, 1),rgba(255, 255, 255, 1)),url(undefined); background-position: center-center; background-attachment: scroll; background-repeat: no-repeat; background-size: cover; border-radius: 0px; }\n .block-d39e8bf5-4ede-420c-88c5-e48d14835dee.skt-blocks-block-section-outer-wrap.background-type-image .skt-blocks-block-section.overlay-type-color{\n background-color: rgba(255, 255, 255, 1); }\n .block-d39e8bf5-4ede-420c-88c5-e48d14835dee.skt-blocks-block-section-outer-wrap.background-type-image .skt-blocks-block-section.overlay-type-gradient.linear{\n background-image: linear-gradient(0deg, rgba(255, 255, 255, 1) 0%, rgba(255, 255, 255, 1) 100%); }\n .block-d39e8bf5-4ede-420c-88c5-e48d14835dee.skt-blocks-block-section-outer-wrap.background-type-image .skt-blocks-block-section.overlay-type-gradient.radial{\n background-image: radial-gradient( at center center, rgba(255, 255, 255, 1) 0%, rgba(255, 255, 255, 1) 100%); }\n .block-d39e8bf5-4ede-420c-88c5-e48d14835dee.background-type-video .skt-blocks-block-section {\n background-color: rgba(255, 255, 255, 1); }\n<\/style><style type=\"text\/css\"> .block-d39e8bf5-4ede-420c-88c5-e48d14835dee .responsive-section-inner-wrap {\n max-width : 100%; }\n @media only screen and (min-width: 976px){\n .block-d39e8bf5-4ede-420c-88c5-e48d14835dee .responsive-section-inner-wrap, .page.page-template-gutenberg-fullwidth .block-d39e8bf5-4ede-420c-88c5-e48d14835dee.alignfull .responsive-section-inner-wrap {\n max-width : 1140px !important; }\n}\n @media only screen and (max-width: 976px){\n .block-d39e8bf5-4ede-420c-88c5-e48d14835dee .responsive-section-inner-wrap, .page.page-template-gutenberg-fullwidth .block-d39e8bf5-4ede-420c-88c5-e48d14835dee.alignfull .responsive-section-inner-wrap {\n max-width : 1140px !important; }\n}\n @media only screen and (max-width: 767px){\n .block-d39e8bf5-4ede-420c-88c5-e48d14835dee .responsive-section-inner-wrap, .page.page-template-gutenberg-fullwidth .block-d39e8bf5-4ede-420c-88c5-e48d14835dee.alignfull .responsive-section-inner-wrap {\n max-width : 1140px !important; }\n}\n<\/style><section class=\"responsive-section-wrap skt-blocks-block-section overlay-type-color linear\" style=\"border-width:1px;border-style:none;border-radius:0;background-color:rgba(255, 255, 255, 1);box-shadow:0px 0px 0px 0px undefined \"><div class=\"responsive-section-inner-wrap\" style=\"z-index:1\">\n<style type=\"text\/css\"> .block-bc45a65a-77ba-4e80-bc31-d160046a54dd .skt-blocks-block-columns.overlay-type-color{\n background-color: rgba(255, 255, 255, 0); }\n .block-bc45a65a-77ba-4e80-bc31-d160046a54dd .skt-blocks-block-columns.overlay-type-gradient.linear{\n background-image: linear-gradient(0deg, rgba(255, 255, 255, 0) 0%, rgba(255, 255, 255, 0) 100%); }\n .block-bc45a65a-77ba-4e80-bc31-d160046a54dd .skt-blocks-block-columns.overlay-type-gradient.radial{\n background-image: radial-gradient( at center center, rgba(255, 255, 255, 0) 0%, rgba(255, 255, 255, 0) 100%); }\n .block-bc45a65a-77ba-4e80-bc31-d160046a54dd .skt-blocks-block-column{\n min-height: ; align-items: flex-start; }\n @media only screen and (min-width: 976px){\n .block-bc45a65a-77ba-4e80-bc31-d160046a54dd .skt-blocks-block-columns{\n padding-top: 10px; padding-bottom: 10px; padding-left: 10px; padding-right: 10px; margin-top: 0px; margin-bottom: 0px; }\n}\n @media only screen and (max-width: 976px){\n .block-bc45a65a-77ba-4e80-bc31-d160046a54dd .skt-blocks-block-columns{\n padding-top: undefinedpx; padding-bottom: undefinedpx; padding-left: undefinedpx; padding-right: undefinedpx; margin-top: undefinedpx; margin-bottom: undefinedpx; }\n}\n @media only screen and (max-width: 767px){\n .block-bc45a65a-77ba-4e80-bc31-d160046a54dd .skt-blocks-block-columns{\n padding-top: undefinedpx; padding-bottom: undefinedpx; padding-left: undefinedpx; padding-right: undefinedpx; margin-top: undefinedpx; margin-bottom: undefinedpx; }\n}\n<\/style><div class=\"block-bc45a65a-77ba-4e80-bc31-d160046a54dd skt-blocks-advanced-column-outer-wrap undefined\" style=\"z-index:1\"><div class=\"skt-blocks-advanced-column alignundefined\"><div class=\"responsive-columns-wrap skt-blocks-block-columns responsive-columns__gap-default responsive-columns__stack-mobile responsive-columns__content-width-theme overlay-type-color linear\" style=\"text-align:left;border-width:1px;border-style:none;box-shadow:0px 0px 0px 0px undefined \"><div class=\"responsive-columns-inner-wrap responsive-columns-columns-2\" style=\"max-width:100%\">\n<style type=\"text\/css\"> .block-60fafeee-89fe-4194-b473-216eeba93a93 .skt-blocks-block-column {\n box-shadow: 0px 0px 0px 0px undefined ; }\n .block-60fafeee-89fe-4194-b473-216eeba93a93 .skt-blocks-block-column:hover {\n box-shadow: 0px 0px 0px 0px #cccccc ; }\n @media only screen and (min-width: 976px){\n .block-60fafeee-89fe-4194-b473-216eeba93a93 .skt-blocks-block-column{\n padding-top: undefinedpx; padding-bottom: undefinedpx; padding-left: undefinedpx; padding-right: undefinedpx; margin-top: undefinedpx; margin-bottom: undefinedpx; margin-left: undefinedpx; margin-right: undefinedpx; }\n}\n @media only screen and (max-width: 976px){\n .block-60fafeee-89fe-4194-b473-216eeba93a93 .skt-blocks-block-column{\n padding-top: undefinedpx; padding-bottom: undefinedpx; padding-left: undefinedpx; padding-right: undefinedpx; margin-top: undefinedpx; margin-bottom: undefinedpx; margin-left: undefinedpx; margin-right: undefinedpx; }\n}\n @media only screen and (max-width: 767px){\n .block-60fafeee-89fe-4194-b473-216eeba93a93 .skt-blocks-block-column{\n padding-top: undefinedpx; padding-bottom: undefinedpx; padding-left: undefinedpx; padding-right: undefinedpx; margin-top: undefinedpx; margin-bottom: undefinedpx; margin-left: undefinedpx; margin-right: undefinedpx; }\n}\n<\/style><div class=\"skt-blocks-advanced-column-child block-60fafeee-89fe-4194-b473-216eeba93a93\" style=\"width:50%\"><div class=\"responsive-column-wrap skt-blocks-block-column\" style=\"border-width:1px;border-style:none\"><div class=\"responsive-column-inner-wrap overlay-type-color linear\">\n<style type=\"text\/css\"> @media only screen and (min-width: 976px){\n\n.skt-blocks-block-advanced-heading.block-34c1d6bc-a40d-447f-8abd-b80d84cdb1e3 .responsive-heading-title-text {\n font-size: 32px !important; margin-bottom: 15px !important; }\n\n.skt-blocks-block-advanced-heading.block-34c1d6bc-a40d-447f-8abd-b80d84cdb1e3 .responsive-heading-seperator {\n margin-bottom: 15px !important; }\n\n.skt-blocks-block-advanced-heading.block-34c1d6bc-a40d-447f-8abd-b80d84cdb1e3 .responsive-heading-desc-text {\n margin-bottom: 15px !important; }\n}\n @media only screen and (min-width: 768px) and (max-width: 976px){\n\n.skt-blocks-block-advanced-heading.block-34c1d6bc-a40d-447f-8abd-b80d84cdb1e3 .responsive-heading-title-text {\n margin-bottom: 15px !important; }\n\n.skt-blocks-block-advanced-heading.block-34c1d6bc-a40d-447f-8abd-b80d84cdb1e3 .responsive-heading-seperator {\n margin-bottom: 15px !important; }\n\n.skt-blocks-block-advanced-heading.block-34c1d6bc-a40d-447f-8abd-b80d84cdb1e3 .responsive-heading-desc-text {\n margin-bottom: 15px !important; }\n}\n @media only screen and (max-width: 767px){\n .skt-blocks-block-advanced-heading.block-34c1d6bc-a40d-447f-8abd-b80d84cdb1e3 .responsive-heading-title-text {\n margin-bottom: 15px !important; }\n .skt-blocks-block-advanced-heading.block-34c1d6bc-a40d-447f-8abd-b80d84cdb1e3 .responsive-heading-seperator {\n margin-bottom: 15px !important; }\n .skt-blocks-block-advanced-heading.block-34c1d6bc-a40d-447f-8abd-b80d84cdb1e3 .responsive-heading-desc-text {\n margin-bottom: 15px !important; }\n}\n<\/style><style type=\"text\/css\"> @media only screen and (max-width: 976px){\n\n.skt-blocks-block-advanced-heading.block-34c1d6bc-a40d-447f-8abd-b80d84cdb1e3 .responsive-heading-title-text {\n font-size: 28px; }\n}\n<\/style><style type=\"text\/css\"> @media only screen and (max-width: 767px){\n .skt-blocks-block-advanced-heading.block-34c1d6bc-a40d-447f-8abd-b80d84cdb1e3 .responsive-heading-title-text {\n font-size: 24px; }\n}\n<\/style><style type=\"text\/css\"> @media only screen and (min-width: 976px){\n\n.skt-blocks-block-advanced-heading.block-34c1d6bc-a40d-447f-8abd-b80d84cdb1e3 .responsive-heading-desc-text {\n font-size: undefinedpx !important; }\n}\n<\/style><style type=\"text\/css\"> @media only screen and (min-width: 976px){\n .skt-blocks-block-advanced-heading.block-34c1d6bc-a40d-447f-8abd-b80d84cdb1e3 {\n text-align: left; }\n}\n @media only screen and (max-width: 976px){\n .skt-blocks-block-advanced-heading.block-34c1d6bc-a40d-447f-8abd-b80d84cdb1e3 {\n text-align: left; }\n}\n @media only screen and (max-width: 767px){\n .skt-blocks-block-advanced-heading.block-34c1d6bc-a40d-447f-8abd-b80d84cdb1e3 {\n text-align: center; }\n}\n<\/style><div class=\"skt-blocks-block-advanced-heading block-34c1d6bc-a40d-447f-8abd-b80d84cdb1e3\"><h2 class=\"responsive-heading-title-text\" style=\"font-family:Assistant;font-weight:600;line-height:1;letter-spacing:0;color:#3a3a3a\">EL AGUA ESTA EN TODAS Y EN NINGUNA PARTE.<br>\u00a1NUESTRO LEMA ES BUSCARLA Y ENCONTRARLA!<\/h2><\/div>\n\n\n\n<style type=\"text\/css\"> @media only screen and (min-width: 976px){\n\n.skt-blocks-block-advanced-heading.block-d132caf1-587b-40d4-9c16-4cdfeba50a65 .responsive-heading-title-text {\n font-size: 38px !important; margin-bottom: 20px !important; }\n\n.skt-blocks-block-advanced-heading.block-d132caf1-587b-40d4-9c16-4cdfeba50a65 .responsive-heading-seperator {\n margin-bottom: 15px !important; }\n\n.skt-blocks-block-advanced-heading.block-d132caf1-587b-40d4-9c16-4cdfeba50a65 .responsive-heading-desc-text {\n margin-bottom: 15px !important; }\n}\n @media only screen and (min-width: 768px) and (max-width: 976px){\n\n.skt-blocks-block-advanced-heading.block-d132caf1-587b-40d4-9c16-4cdfeba50a65 .responsive-heading-title-text {\n margin-bottom: 15px !important; }\n\n.skt-blocks-block-advanced-heading.block-d132caf1-587b-40d4-9c16-4cdfeba50a65 .responsive-heading-seperator {\n margin-bottom: 15px !important; }\n\n.skt-blocks-block-advanced-heading.block-d132caf1-587b-40d4-9c16-4cdfeba50a65 .responsive-heading-desc-text {\n margin-bottom: 15px !important; }\n}\n @media only screen and (max-width: 767px){\n .skt-blocks-block-advanced-heading.block-d132caf1-587b-40d4-9c16-4cdfeba50a65 .responsive-heading-title-text {\n margin-bottom: 15px !important; }\n .skt-blocks-block-advanced-heading.block-d132caf1-587b-40d4-9c16-4cdfeba50a65 .responsive-heading-seperator {\n margin-bottom: 15px !important; }\n .skt-blocks-block-advanced-heading.block-d132caf1-587b-40d4-9c16-4cdfeba50a65 .responsive-heading-desc-text {\n margin-bottom: 15px !important; }\n}\n<\/style><style type=\"text\/css\"> @media only screen and (max-width: 976px){\n\n.skt-blocks-block-advanced-heading.block-d132caf1-587b-40d4-9c16-4cdfeba50a65 .responsive-heading-title-text {\n font-size: 32px; }\n}\n<\/style><style type=\"text\/css\"> @media only screen and (max-width: 767px){\n .skt-blocks-block-advanced-heading.block-d132caf1-587b-40d4-9c16-4cdfeba50a65 .responsive-heading-title-text {\n font-size: 30px; }\n}\n<\/style><style type=\"text\/css\"> @media only screen and (min-width: 976px){\n\n.skt-blocks-block-advanced-heading.block-d132caf1-587b-40d4-9c16-4cdfeba50a65 .responsive-heading-desc-text {\n font-size: undefinedpx !important; }\n}\n<\/style><style type=\"text\/css\"> @media only screen and (min-width: 976px){\n .skt-blocks-block-advanced-heading.block-d132caf1-587b-40d4-9c16-4cdfeba50a65 {\n text-align: left; }\n}\n @media only screen and (max-width: 976px){\n .skt-blocks-block-advanced-heading.block-d132caf1-587b-40d4-9c16-4cdfeba50a65 {\n text-align: left; }\n}\n @media only screen and (max-width: 767px){\n .skt-blocks-block-advanced-heading.block-d132caf1-587b-40d4-9c16-4cdfeba50a65 {\n text-align: center; }\n}\n<\/style><div class=\"skt-blocks-block-advanced-heading block-d132caf1-587b-40d4-9c16-4cdfeba50a65\"><h2 class=\"responsive-heading-title-text\" style=\"font-family:Assistant;font-weight:700;line-height:1;letter-spacing:0\">\u00bfPor qu\u00e9 OPUR?<\/h2><div class=\"responsive-heading-seperator-wrap\"><div class=\"responsive-heading-seperator\" style=\"border-top-style:solid;border-top-width:2px;width:40px;border-color:#6ab43e\"><\/div><\/div><\/div>\n\n\n\n<p> <\/p>\n\n\n\n<p>La asociaci\u00f3n OPUR fue fundada en 1999 para dar a conocer las fuentes de agua alternativas. Esta asociaci\u00f3n pretende reunir a todos los interesados que quieran cooperar para no perder la riqueza que tenemos, el agua. Lejos de ser un encuentro elitista, esta reune a una gran audiencia de todas las procedencias, cuyo punto com\u00fan es tratar de hacer algo por la ecolog\u00eda de nuestro planeta.<\/p>\n\n\n\n<h4 class=\"wp-block-heading\">APOYAR A OPUR, HACER UNA DONACI\u00d3N<\/h4>\n\n\n\n<p>Apoyar a OPUR &#8211; es participar en la lucha contra la escasez de agua en el mundo. Tambi\u00e9n es el estudio de nuevos m\u00e9todos destinados a la producci\u00f3n de agua. Esto sera posible gracias a la generosidad de todos.<\/p>\n\n\n\n<h4 class=\"wp-block-heading\">DESTINO DE DONACIONES<\/h4>\n\n\n\n<ul>\n<li>Establecimiento de condensadores de agua atm\u00f3sferica.<\/li>\n\n\n\n<li>Producci\u00f3n de reservas de agua potable.<\/li>\n\n\n\n<li>Riego por goteo de cultivos en zonas \u00e1ridas.<\/li>\n<\/ul>\n\n\n\n<h4 class=\"wp-block-heading\">SER MIEMBRO<\/h4>\n\n\n\n<p>Ser miembro es:<\/p>\n\n\n\n<ul>\n<li>Participar en las tomas de medidas, tener su propio condensador de roc\u00edo y disfrutar de su mantenimiento por nuestros profesionales t\u00e9cnicos;<\/li>\n\n\n\n<li>Proponer nuevos procesos y campa\u00f1as de experiencias recibiendo apoyo de nuestros expertos;<\/li>\n\n\n\n<li>Disponer de un bolet\u00edn interno de informaci\u00f3n sobre todas las noticias de OPUR y participar en su elaboraci\u00f3n;<\/li>\n\n\n\n<li>Tener la suerte de conocer otros \u201drociof\u00edlicos\u201c apasionados (y esto no tiene precio).<\/li>\n<\/ul>\n\n\n\n<p><strong>USTED PUEDE UNIRSE COMO:<\/strong><\/p>\n\n\n\n<pre class=\"wp-block-code\"><code>    > <a href=\"https:\/\/www.opur.cloud\/index.php\/es\/como-afiliarse\/\" data-type=\"link\" data-id=\"https:\/\/www.opur.cloud\/index.php\/es\/como-afiliarse\/\">miembro ACTIVO<\/a>\n    > <a href=\"https:\/\/www.opur.cloud\/index.php\/es\/donaciones\/\" data-type=\"link\" data-id=\"https:\/\/www.opur.cloud\/index.php\/es\/donaciones\/\">miembro BENEFACTOR<\/a>\n    > miembro HONORABLE<\/code><\/pre>\n<\/div><\/div><\/div>\n\n\n\n<style type=\"text\/css\"> .block-e3416be5-5a75-4037-a579-95c90e5f5617 .skt-blocks-block-column {\n box-shadow: 0px 0px 0px 0px undefined ; }\n .block-e3416be5-5a75-4037-a579-95c90e5f5617 .skt-blocks-block-column:hover {\n box-shadow: 0px 0px 0px 0px #cccccc ; }\n @media only screen and (min-width: 976px){\n .block-e3416be5-5a75-4037-a579-95c90e5f5617 .skt-blocks-block-column{\n padding-top: undefinedpx; padding-bottom: undefinedpx; padding-left: undefinedpx; padding-right: undefinedpx; margin-top: undefinedpx; margin-bottom: undefinedpx; margin-left: undefinedpx; margin-right: undefinedpx; }\n}\n @media only screen and (max-width: 976px){\n .block-e3416be5-5a75-4037-a579-95c90e5f5617 .skt-blocks-block-column{\n padding-top: undefinedpx; padding-bottom: undefinedpx; padding-left: undefinedpx; padding-right: undefinedpx; margin-top: undefinedpx; margin-bottom: undefinedpx; margin-left: undefinedpx; margin-right: undefinedpx; }\n}\n @media only screen and (max-width: 767px){\n .block-e3416be5-5a75-4037-a579-95c90e5f5617 .skt-blocks-block-column{\n padding-top: 40px; padding-bottom: undefinedpx; padding-left: undefinedpx; padding-right: undefinedpx; margin-top: undefinedpx; margin-bottom: undefinedpx; margin-left: undefinedpx; margin-right: undefinedpx; }\n}\n<\/style><div class=\"skt-blocks-advanced-column-child block-e3416be5-5a75-4037-a579-95c90e5f5617\" style=\"width:50%\"><div class=\"responsive-column-wrap skt-blocks-block-column\" style=\"border-width:1px;border-style:none\"><div class=\"responsive-column-inner-wrap overlay-type-color linear\"><div class=\"wp-block-image\">\n<figure class=\"alignright size-full\"><img decoding=\"async\" loading=\"lazy\" width=\"405\" height=\"270\" src=\"https:\/\/www.opur.cloud\/wp-content\/uploads\/2023\/09\/herbe3.jpg\" alt=\"\" class=\"wp-image-1013\" srcset=\"https:\/\/www.opur.cloud\/wp-content\/uploads\/2023\/09\/herbe3.jpg 405w, https:\/\/www.opur.cloud\/wp-content\/uploads\/2023\/09\/herbe3-300x200.jpg 300w\" sizes=\"(max-width: 405px) 100vw, 405px\" \/><figcaption class=\"wp-element-caption\">Roc\u00edo sobre la hierba\u2026<\/figcaption><\/figure><\/div>\n\n<div class=\"wp-block-image\">\n<figure class=\"alignright size-full\"><img decoding=\"async\" loading=\"lazy\" width=\"406\" height=\"267\" src=\"https:\/\/www.opur.cloud\/wp-content\/uploads\/2023\/09\/DEWBAR.jpg\" alt=\"\" class=\"wp-image-1012\" srcset=\"https:\/\/www.opur.cloud\/wp-content\/uploads\/2023\/09\/DEWBAR.jpg 406w, https:\/\/www.opur.cloud\/wp-content\/uploads\/2023\/09\/DEWBAR-300x197.jpg 300w\" sizes=\"(max-width: 406px) 100vw, 406px\" \/><figcaption class=\"wp-element-caption\">Roc\u00edo en el desierto de Negev\u2026<\/figcaption><\/figure><\/div><\/div><\/div><\/div>\n<\/div><\/div><\/div><\/div>\n<\/div><\/section><\/div>\n","protected":false},"excerpt":{"rendered":"","protected":false},"author":1,"featured_media":0,"parent":0,"menu_order":0,"comment_status":"closed","ping_status":"closed","template":"templates\/page-builder.php","meta":{"footnotes":""},"featured_image_src":false,"featured_image_src_square":false,"rbea_author_info":{"display_name":"admin","author_link":"https:\/\/www.opur.cloud\/index.php\/author\/admin\/"},"rbea_excerpt_info":null,"_links":{"self":[{"href":"https:\/\/www.opur.cloud\/index.php\/wp-json\/wp\/v2\/pages\/1167"}],"collection":[{"href":"https:\/\/www.opur.cloud\/index.php\/wp-json\/wp\/v2\/pages"}],"about":[{"href":"https:\/\/www.opur.cloud\/index.php\/wp-json\/wp\/v2\/types\/page"}],"author":[{"embeddable":true,"href":"https:\/\/www.opur.cloud\/index.php\/wp-json\/wp\/v2\/users\/1"}],"replies":[{"embeddable":true,"href":"https:\/\/www.opur.cloud\/index.php\/wp-json\/wp\/v2\/comments?post=1167"}],"version-history":[{"count":8,"href":"https:\/\/www.opur.cloud\/index.php\/wp-json\/wp\/v2\/pages\/1167\/revisions"}],"predecessor-version":[{"id":1353,"href":"https:\/\/www.opur.cloud\/index.php\/wp-json\/wp\/v2\/pages\/1167\/revisions\/1353"}],"wp:attachment":[{"href":"https:\/\/www.opur.cloud\/index.php\/wp-json\/wp\/v2\/media?parent=1167"}],"curies":[{"name":"wp","href":"https:\/\/api.w.org\/{rel}","templated":true}]}}